{"id":34,"date":"2026-01-04T23:52:01","date_gmt":"2026-01-04T22:52:01","guid":{"rendered":"http:\/\/www.dumusplavu.cz\/?page_id=34"},"modified":"2026-01-16T16:39:40","modified_gmt":"2026-01-16T15:39:40","slug":"uvod","status":"publish","type":"page","link":"https:\/\/www.dumusplavu.cz\/","title":{"rendered":"\u00davod"},"content":{"rendered":"\t\t<div data-elementor-type=\"wp-page\" data-elementor-id=\"34\" class=\"elementor elementor-34\">\n\t\t\t\t<div class=\"elementor-element elementor-element-5646265 e-flex e-con-boxed e-con e-parent\" data-id=\"5646265\" data-element_type=\"container\">\n\t\t\t\t\t<div class=\"e-con-inner\">\n\t\t\t\t<div class=\"elementor-element elementor-element-f646ee1 elementor-widget elementor-widget-heading\" data-id=\"f646ee1\" data-element_type=\"widget\" data-widget_type=\"heading.default\">\n\t\t\t\t\t<h2 class=\"elementor-heading-title elementor-size-default\">STR\u00c1NKY JSOU VE V\u00ddSTAVB\u011a<\/h2>\t\t\t\t<\/div>\n\t\t\t\t\t<\/div>\n\t\t\t\t<\/div>\n\t\t<div class=\"elementor-element elementor-element-86d69e4 e-flex e-con-boxed e-con e-parent\" data-id=\"86d69e4\" data-element_type=\"container\">\n\t\t\t\t\t<div class=\"e-con-inner\">\n\t\t\t\t<div class=\"elementor-element elementor-element-59d7532 elementor-widget elementor-widget-image\" data-id=\"59d7532\" data-element_type=\"widget\" data-widget_type=\"image.default\">\n\t\t\t\t\t\t\t\t\t\t\t\t\t\t\t<img fetchpriority=\"high\" decoding=\"async\" width=\"768\" height=\"512\" src=\"https:\/\/www.dumusplavu.cz\/wp-content\/uploads\/2026\/01\/stranka-ve-vystavbe-768x512.png\" class=\"attachment-medium_large size-medium_large wp-image-47\" alt=\"\" srcset=\"https:\/\/www.dumusplavu.cz\/wp-content\/uploads\/2026\/01\/stranka-ve-vystavbe-768x512.png 768w, https:\/\/www.dumusplavu.cz\/wp-content\/uploads\/2026\/01\/stranka-ve-vystavbe-300x200.png 300w, https:\/\/www.dumusplavu.cz\/wp-content\/uploads\/2026\/01\/stranka-ve-vystavbe-1024x683.png 1024w, https:\/\/www.dumusplavu.cz\/wp-content\/uploads\/2026\/01\/stranka-ve-vystavbe.png 1536w\" sizes=\"(max-width: 768px) 100vw, 768px\" \/>\t\t\t\t\t\t\t\t\t\t\t\t\t\t\t<\/div>\n\t\t\t\t\t<\/div>\n\t\t\t\t<\/div>\n\t\t\t\t<\/div>\n\t\t","protected":false},"excerpt":{"rendered":"<p>STR\u00c1NKY JSOU VE V\u00ddSTAVB\u011a<\/p>\n","protected":false},"author":1,"featured_media":0,"parent":0,"menu_order":0,"comment_status":"closed","ping_status":"closed","template":"","meta":{"footnotes":""},"class_list":["post-34","page","type-page","status-publish","hentry"],"blocksy_meta":[],"_links":{"self":[{"href":"https:\/\/www.dumusplavu.cz\/index.php?rest_route=\/wp\/v2\/pages\/34","targetHints":{"allow":["GET"]}}],"collection":[{"href":"https:\/\/www.dumusplavu.cz\/index.php?rest_route=\/wp\/v2\/pages"}],"about":[{"href":"https:\/\/www.dumusplavu.cz\/index.php?rest_route=\/wp\/v2\/types\/page"}],"author":[{"embeddable":true,"href":"https:\/\/www.dumusplavu.cz\/index.php?rest_route=\/wp\/v2\/users\/1"}],"replies":[{"embeddable":true,"href":"https:\/\/www.dumusplavu.cz\/index.php?rest_route=%2Fwp%2Fv2%2Fcomments&post=34"}],"version-history":[{"count":22,"href":"https:\/\/www.dumusplavu.cz\/index.php?rest_route=\/wp\/v2\/pages\/34\/revisions"}],"predecessor-version":[{"id":62,"href":"https:\/\/www.dumusplavu.cz\/index.php?rest_route=\/wp\/v2\/pages\/34\/revisions\/62"}],"wp:attachment":[{"href":"https:\/\/www.dumusplavu.cz\/index.php?rest_route=%2Fwp%2Fv2%2Fmedia&parent=34"}],"curies":[{"name":"wp","href":"https:\/\/api.w.org\/{rel}","templated":true}]}}